ulate the highest common factor of z and 8.
8
Let w = -49 - -38. Let h(q) = q**2 + 10*q + 29. Let b be h(w). Calculate the highest common factor of b and 50.
10
Let x(q) = -7*q**3 - 16*q**2 + 3. Let v be x(-4). What is the greatest common factor of 30 and v?
15
Let g = -72 - -9. Let d = -15 - g. Calculate the highest common divisor of d and 72.
24
Let g(c) be the third derivative of 3*c**4/4 - 19*c**3/3 + 3*c**2 + 3. Let a be g(6). Calculate the greatest common factor of a and 14.
14
Let o be (1/(-3))/(-1) - 46/(-6). What is the highest common factor of 216 and o?
8
Let c(q) = 2*q**3 + 13*q**2 - 20*q + 42. Let j be c(-8). Calculate the greatest common divisor of 1140 and j.
10
Let q = 15 - 3. Let m(f) = 4*f**3 + 78*f**2 - 35*f + 112. Let g be m(-20). Calculate the highest common factor of q and g.
12
Let w = 1163 + -1127. What is the highest common divisor of w and 20?
4
Let z = 25 + -20. Let k be (-84)/(-20) - 1/z. Suppose -3*m + 4 = n, m + 5 = -k*n - 1. Calculate the highest common divisor of 10 and m.
2
Suppose 88 = 5*q + 58. Let b(l) = 5*l**2 - 2. Let p be b(-2). Calculate the greatest common divisor of p and q.
6
Suppose 0*c - 3*c = 5*o - 475, -5*o + 4*c = -475. Suppose a = -h + 34, -8*h = -3*h + 20. Calculate the greatest common divisor of a and o.
19
Suppose 57*p - 56*p = -41. Let o = -27 - p. What is the highest common divisor of 98 and o?
14
Let r = 455 - 427. What is the highest common factor of r and 12?
4
Let z(u) = 6*u + 6. Let i be z(5). Suppose 4*o - 4*k + 42 - 210 = 0, o = 4*k + i. Calculate the greatest common factor of o and 110.
22
Let f = 174 + -59. What is the highest common divisor of f and 138?
23
Let k(p) = 129*p + 18. Let z be k(6). Suppose z = 13*g - 11*g. What is the greatest common factor of 36 and g?
36
Suppose -5*f + f = d - 27, 4*f = 5*d + 9. Suppose 0 = f*i - 0*i - 126. What is the greatest common divisor of 14 and i?
7
Let j be -42*5/(-40)*4. What is the greatest common factor of 9 and j?
3
Suppose -74 = -h - i, 17*i = -2*h + 14*i + 153. Calculate the greatest common factor of h and 69.
69
Suppose 108*p + 85*p = 3088. Suppose 2*c + 0*c - 224 = 0. Calculate the greatest common factor of c and p.
16
Let k(x) = -x - 1. Let z be k(-1). Suppose -4*l + 32 + 12 = z. Let g(a) = a**2 - 2*a + 1. Let u be g(2). Calculate the greatest common factor of u and l.
1
Let d(i) = -6*i**3 - 3*i**2 - 3*i - 2. Let s be d(-2). Let j = -3 - -3. Let y be (-2 - -3 - j) + 15. Calculate the highest common factor of s and y.
8
Let z = 664 - 610. Calculate the highest common divisor of 234 and z.
18
Suppose -1019 = -4*b + f, 0 = -2*b + 22*f - 17*f + 505. Calculate the greatest common factor of b and 425.
85
Let l(c) = 2 + 3 - 3*c - 13 - 18. Let d be l(-12). What is the greatest common divisor of 15 and d?
5
Let p(l) be the second derivative of -5*l**3/6 + 29*l**2/2 + 3*l. Let g be p(4). Calculate the highest common divisor of g and 81.
9
Let v(s) = -s**2 - 7*s + 11. Let l(w) = -w**2 - 6*w + 12. Let x(z) = -5*l(z) + 6*v(z). Let f be x(-11). What is the highest common divisor of 136 and f?
17
Suppose 4748 = u + 2*u + 2*d, 5*u = -2*d + 7916. Calculate the greatest common divisor of 9 and u.
9
Suppose 6*l - 1408 = -1372. What is the greatest common divisor of 153 and l?
3
Let y be 5/4*-1*20. Let b = -15 - y. Let d = -27 + 67. Calculate the highest common factor of b and d.
10
Let z be (-12)/28 + 24/7. Let c(h) = 5*h - 9. Let j be c(z). Calculate the highest common divisor of 54 and j.
6
Let p be 6/(-9)*90/(-4). Suppose -3 + p = 4*l. What is the greatest common divisor of l and 1?
1
Suppose v + 2*v = 57. Let n = 43 - v. Let p be n/(-16)*272/(-6). What is the greatest common factor of p and 17?
17
Suppose 4*v = 4*f - 0*f, 4*v = -3*f. Suppose -3*m + 360 = -v*m. Calculate the greatest common divisor of m and 24.
24
Let i(g) = -4*g + 2. Let v be i(3). Let t be (v/(-15))/((-2)/(-33)). Calculate the highest common divisor of 11 and t.
11
Suppose 0 = 2*d - 2, -9*l - 4*d + 80 = -5*l. What is the highest common divisor of l and 171?
19
Suppose -5*z - 2*j + 30 = 3*j, 30 = 5*z - 2*j. What is the highest common factor of z and 186?
6
Let j(r) = -19*r + 2. Let u be j(-1). Suppose -2*i + 1 = u. Let g = i + 24. What is the highest common factor of 84 and g?
14
Suppose -2*j - 8 = -4*j - 5*m, 0 = -3*j + 4*m + 12. Suppose 0 = -2*p + i, -5*p = -j*i + 2*i - 2. What is the greatest common factor of 2 and p?
2
Suppose 0 = -123*r + 116*r + 77. Calculate the highest common factor of r and 11.
11
Suppose j = 3*w - 48, w + 9 = -3*j + 25. Suppose 4*p = 4*c - 0*c + w, -5*c + 10 = 0. What is the greatest common factor of 66 and p?
6
Suppose -4*f + 789 = 80*g - 85*g, f - 2*g - 198 = 0. Calculate the highest common divisor of f and 245.
49
Suppose -2*d - 13 = -89. What is the greatest common factor of 133 and d?
19
Suppose -5*n + 7 + 7 = 2*y, 2*n - 20 = -2*y. Calculate the highest common factor of 15 and y.
3
Let l(s) = -s**3 + 3*s - 3. Let p be l(4). Let b be ((-22)/5)/(11/p). What is the greatest common factor of b and 242?
22
Let r = 102 - 70. Calculate the greatest common factor of r and 176.
16
Let i(b) = -33*b + 1. Let j be i(0). What is the greatest common factor of j and 19?
1
Suppose -x + 2*x - 20 = 0. Suppose -2*g - 2*a = -0*g - 24, 5*a = x. Let y(r) = 6*r + 6. Let z be y(g). Calculate the highest common divisor of 27 and z.
27
Let o = -27 + 46. Suppose 9*b - 4*h - 42 = 7*b, h = -5*b + 94. What is the greatest common divisor of b and o?
19
Let j be 3 + 91/77 - 4/22. Suppose 5*g - 4*l - 29 = 151, -144 = -4*g - j*l. Let i(v) = -45*v. Let k be i(-2). What is the greatest common divisor of k and g?
18
Let d(v) = -121*v - 2. Let i be d(-1). Suppose -3*n = -2*n - i. Suppose 5*r + b - 22 = 59, -r = -3*b - 29. What is the greatest common divisor of r and n?
17
Let z be -2*(-11)/6*-3. Let s be (-44)/z - (-126 - 0). Calculate the highest common divisor of s and 13.
13
Suppose q + 80 = r, -89*r + 87*r + 162 = -q. Calculate the greatest common divisor of 8 and r.
2
Let k(u) = 13*u**2 - 65*u + 8. Let h be k(5). Calculate the highest common factor of h and 376.
8
Suppose -3*f - 68 = -17. Let o = f + 13. Let v be -35*o/(-30)*-3. What is the greatest common divisor of v and 126?
14
Suppose 0 = 1089*l - 1100*l + 44. What is the greatest common factor of l and 4?
4
Suppose 0 = -a + 6*a. Suppose 2*c - 10 + 4 = a. What is the greatest common factor of c and 6?
3
Let o = -140 + 240. Let k(u) = 92*u + 1. Let f be k(1). Suppose f - 18 = 5*r + 5*j, j = -4*r + 75. What is the greatest common divisor of o and r?
20
Suppose 3*g + 3*m = 7*m + 41, -5*g + 2*m + 73 = 0. Let u = -17 - -18. Suppose -n = -2 - u. Calculate the highest common divisor of g and n.
3
Suppose -5*q + 138 = -87. Let a(j) = 7*j - 4*j**2 + 4*j**2 - 1 - j**2. Let i be a(5). What is the highest common divisor of i and q?
9
Let l be (10/(-70))/((-4)/(-14))*-64. What is the greatest common divisor of l and 176?
16
Suppose -2*z - 16 = -5*z + 4*h, 2*z = -5*h - 20. Suppose 4*y + z*y = 16. Suppose -20 = -y*d - 0. Calculate the highest common factor of 10 and d.
5
Let b be (46/(-3))/(4/60*-1). What is the highest common factor of b and 23?
23
Let g(w) = w**2 - 7*w + 7. Let i be 6/(-15) + (-47)/(-5). Let h be g(i). Calculate the highest common factor of 10 and h.
5
Let a be (-284)/(-18) - 12/(-54). Suppose -80 = -8*k + a. Calculate the greatest common factor of 84 and k.
12
Suppose -l + 5 + 4 = -2*a, -5*l + 5*a = -30. Suppose 0 + 8 = 2*f. Let g = l + f. What is the highest common divisor of g and 7?
7
Suppose -7932 = -46*p + 12032. What is the highest common divisor of 14 and p?
14
Let p(a) = -24*a - 5. Let y be p(-4). Suppose -2*w = -35 - y. What is the greatest common divisor of w and 7?
7
Let b be (-3731)/(-156) - 1/(-12). What is the highest common divisor of b and 372?
12
Suppose -3*d + 61 = 7. Suppose 2*g = 7*g - 1395. Let a = 477 - g. What is the greatest common factor of d and a?
18
Let q = 28 + -5. Calculate the greatest common divisor of q and 161.
23
Let b be 70/(-4)*16/(-10). Suppose 0 = -5*x + 73 - 38. What is the greatest common factor of b and x?
7
Let o be 40 + 2 + 16/(-4). Let c = o + 54. Suppose -4*z + 0 = -c. Calculate the highest common divisor of z and 207.
23
Let z(a) = -a**3 - a**2 + 3*a + 4. Let p be z(-3).